t common divisor of v and k.
7
Suppose 0 = -o - 2*o + 12. Suppose -3*j + 183 = 4*a, o*j = -4*a - j + 193. Calculate the greatest common factor of 6 and a.
6
Let k be (-72)/(-10)*45/2. Suppose 5*a = 4*f - 32, 5*a - 33 = -2*f + f. Suppose g - f = 5. What is the highest common divisor of g and k?
18
Suppose 5*q = -3*x + 27, 3*q + 15 = -2*q. Let h = -79 + 81. What is the greatest common divisor of h and x?
2
Let n(g) = -25*g - 2. Let j be n(-2). Calculate the greatest common divisor of j and 6.
6
Let z(c) = -c**3 - 10*c**2 - 8*c + 12. Let q be z(-9). Suppose 0 = 5*k - 15, 4*k - 81 = -q*d + 219. What is the highest common divisor of d and 12?
12
Let p be 2/((-8)/2)*0. Suppose p*o - 2*o = -110. Suppose 0*f + 4*f = 20, 0 = -3*x + 3*f + 18. Calculate the greatest common divisor of o and x.
11
Let l = -6 + 18. Suppose 0 = 2*k + 4*n - l, 5*k + n = 15 + 24. Calculate the greatest common divisor of k and 32.
8
Let s = 22 + -10. Let m be 4 + -2 + (23 - 1). Calculate the highest common divisor of s and m.
12
Let c(i) = 6*i**2 - 1. Let l be c(-1). Let n be 270/12*16/l. Calculate the greatest common factor of n and 8.
8
Let w = -4 - -7. Suppose d + 35 = 5*r - 4*d, 3*r + d - 29 = 0. Let g = w + r. What is the greatest common divisor of 36 and g?
12
Suppose -63*t - 28 = -65*t. Suppose 0 = 4*b - 76 - 36. What is the highest common factor of b and t?
14
Let t = -4 + 14. What is the highest common factor of t and 10?
10
Suppose -j - 3*h = -29 + 9, 5*j + 2*h = 74. What is the highest common divisor of 7 and j?
7
Suppose 3*f + 0 = 18. What is the highest common divisor of 66 and f?
6
Let b be 8/(-4) + 0 - (-22 + -1). What is the greatest common factor of b and 210?
21
Let n(d) = -d**2 + 2*d + 9. Let q be n(8). Let b = 65 + q. Suppose 198 = 2*k - b. Calculate the highest common factor of 16 and k.
16
Let k = -7 + 8. Let v(i) = 20*i. Let x be v(k). Calculate the greatest common factor of x and 8.
4
Let z be (2*2)/((-4)/(-32)). Let x be (-3)/(-12) + (-9)/4. Let g be 50 + (x - (2 - 2)). Calculate the greatest common divisor of z and g.
16
Suppose -d + 0*d = -45. Calculate the highest common factor of 18 and d.
9
Let f(j) = -2*j**2 + 53*j - 12. Let m be f(24). Calculate the greatest common divisor of 12 and m.
12
Let u = 76 + -72. Let m(v) = -3*v**3 - v**2 - v - 2. Let b be m(-2). Calculate the greatest common divisor of b and u.
4
Let d(y) = -y**3 - 7*y**2 + 6*y. Let h be d(-8). Let c be (2 - (-2 + 1))*-10. Let j be 10/c + (-7)/(-3). What is the highest common divisor of h and j?
2
Let f be 1/(16/28)*8. Suppose 47 = -5*d + 7. Let j be ((-42)/d)/((-2)/(-8)). Calculate the highest common factor of f and j.
7
Let o(q) = 12*q**2 + q - 1. Let s be o(-3). Suppose 3*r - 11 = 2*r - 2*n, -64 = -5*r - n. What is the highest common factor of s and r?
13
Let u = -26 - -30. What is the greatest common divisor of u and 28?
4
Let u = 236 + -163. Let m = 137 - u. Calculate the highest common divisor of m and 16.
16
Let b be (-8)/(-28) + 166/7. Calculate the greatest common divisor of b and 8.
8
Let m(d) = d**2 - 9*d - 4. Let n be m(10). Calculate the greatest common factor of n and 6.
6
Suppose 4*r + r = -5. Let a be (-9)/3 - 33/r. What is the highest common factor of 12 and a?
6
Let k(x) = 3*x - 33. Let z be k(20). What is the highest common factor of 3 and z?
3
Let f = -19 + 34. What is the highest common divisor of 5 and f?
5
Let h = -52 + 69. What is the highest common divisor of h and 170?
17
Suppose s + d = -3*s + 241, 4*d - 244 = -4*s. Calculate the highest common factor of s and 12.
12
Let n be (-1 - -10)*(-4)/(-3). Let c = 33 + n. Suppose 3*s = 4*i + 10 - 145, 5*i - 5*s = 175. What is the greatest common divisor of c and i?
15
Let d = 0 + 5. Suppose 0 = -25*j + 24*j + 5. What is the highest common divisor of j and d?
5
Let y be ((-3)/(-6))/1*2. Suppose -4*o - 5*t - 36 = 0, t - y = 4*o + 11. Let k be o/(-2)*30/4. Calculate the greatest common factor of k and 10.
5
Suppose -147 + 55 = -4*k. What is the highest common divisor of k and 46?
23
Suppose 0 = 2*p + 2*m - 192, -3*m - 142 = -2*p + 50. Let j be 3/(78/628) + 66/(-429). Calculate the greatest common divisor of p and j.
24
Let a = -37 + 82. Let n = -9 - -18. Calculate the highest common factor of a and n.
9
Suppose -5*v + v = -3*d - 20, v + 3*d = 5. Let l = v + 2. Let b be 5/(-1)*(5 - l). What is the highest common factor of 4 and b?
2
Let w be ((-2)/2)/(3/(-39)). Let o be -5 + 1*-1*2. Let f(l) = -l**3 - 5*l**2 + l. Let h be f(o). Calculate the highest common divisor of h and w.
13
Let c(p) = 2*p**2 - 2*p - 2. Let h be c(2). Suppose -j + 5*j = -h*g + 172, -354 = -4*g + 2*j. What is the highest common divisor of 8 and g?
8
Suppose 2*n - 3*n - 8 = 0. Let f = -3 - n. Suppose 3*o = f*o - 18. Calculate the greatest common factor of 3 and o.
3
Suppose 0 = 3*x - 14 + 5. What is the highest common factor of x and 12?
3
Let z be 49 + 3 + 4/(-4). What is the highest common factor of z and 68?
17
Let t = -391 + 399. Let h(n) = -6*n. Let i be h(-2). What is the highest common divisor of i and t?
4
Let y(i) = i**3 + 5*i**2 - 7*i + 1. Let z be y(-6). Let t = z - -4. Let l(m) = 3*m**2 - 7*m + 2. Let h be l(4). Calculate the highest common factor of h and t.
11
Suppose -4*p + 121 = -59. What is the highest common factor of 5 and p?
5
Let m(y) be the first derivative of y**3/3 - 7*y**2/2 + 10*y + 3. Let h be m(10). Calculate the greatest common factor of 20 and h.
20
Suppose -2*a = -7*a + 700. Let h be 32/48*(2 + 2*2). Suppose d = -h*d + a. Calculate the greatest common divisor of d and 4.
4
Suppose 0*m - m = -9. Calculate the greatest common factor of 1 and m.
1
Suppose -3*o - 2*o + 260 = 0. Let i = 4 + 1. Suppose 0*n + 3*r = n - o, 5*n = -i*r + 260. Calculate the greatest common factor of n and 13.
13
Suppose 3*d - 28 = d. What is the highest common factor of d and 70?
14
Let o = -127 - -248. Suppose 3*c + 1 = 34. What is the greatest common divisor of c and o?
11
Suppose 4*q + 3*w = q + 174, -285 = -5*q - 4*w. Calculate the greatest common divisor of 477 and q.
53
Let z be -1*(1 - (11 - -1)). Let v = -28 + 26. Let k be (-234)/v - (-5 + 1). What is the highest common divisor of z and k?
11
Let o be -2*(-6)/(-4) + (60 - -1). What is the greatest common factor of 145 and o?
29
Let h(o) = -o**3 + 5*o**2 + 2*o - 4. Let d be h(5). Let m = -48 + 69. Let v be m/3*2/7. Calculate the highest common factor of d and v.
2
Let c be (-46)/(-14) + (-2)/7. Suppose i - c - 5 = 0. What is the greatest common divisor of i and 88?
8
Suppose 0 = -7*x + 13*x - 60. Calculate the highest common factor of 4 and x.
2
Suppose 24 = 3*n - 6*n. Let v(f) = 1 + 4*f**3 - 8*f**2 - f**3 - f - 4*f**3. Let g be v(n). What is the highest common factor of g and 27?
9
Let r(k) = 6*k**3. Let w be r(1). Suppose 0 = -2*p - 2*b + 88, -52 = -4*p + 2*b + 112. What is the greatest common divisor of w and p?
6
Suppose 0*z + k = -2*z + 62, 3*z - 95 = -2*k. Calculate the highest common divisor of z and 58.
29
Let n = 19 - 17. Let g(m) = -m**3 + 6*m**2 - 5*m + 2. Let h be g(5). Suppose -40 + h = -2*q + n*y, 4*y = -16. Calculate the greatest common divisor of q and 5.
5
Let l(r) = -5*r + 49. Let b be l(11). Let o(w) = 4*w**2 + 5 - 6*w + w**3 + 3 + 2*w**2. Let y be o(b). Calculate the greatest common divisor of 4 and y.
4
Let j = -68 + 77. Let c(u) = -u**3 + 11*u**2 - 6*u - 9. Let y be c(9). Calculate the highest common factor of j and y.
9
Suppose d = 4*d. Suppose 2*s - 32 + 4 = d. Suppose -5*v + 10*v - 5*r - 20 = 0, 0 = -4*v + 3*r + 19. What is the greatest common divisor of s and v?
7
Suppose -44 = -4*p - 24. Suppose -2*u = 2, -u - u = -2*a + 32. Calculate the greatest common factor of p and a.
5
Let s be (-505)/(-45) + 4/(-18). Suppose 0 = 3*g - s - 22. What is the greatest common divisor of g and 110?
11
Let l = -13 - -18. Suppose -3*q = -q - 46. Suppose -u + 12 + q = 0. What is the highest common divisor of u and l?
5
Let f be (-32)/(-5)*35/14. Suppose 3*b = b + f. Calculate the highest common factor of b and 88.
8
Let r be 1*-2 + 4 + 0. Suppose -r*x - 2 = -4. Let k = -19 - -28. Calculate the highest common divisor of x and k.
1
Let z be 1/(-5) - (-166)/5. Let f(d) = -26*d**3 + d**2 - 3*d + 1. Let l be f(1). Let g be (9/l)/((-1)/33). What is the highest common divisor of g and z?
